mber?
False
Is 595795 composite?
True
Is 5735413 a composite number?
False
Is 22183251 prime?
False
Is 15384931 composite?
False
Is 75571757 composite?
True
Is 254354017 prime?
False
Is 4894871 prime?
True
Is 12933181 composite?
True
Is 712237 a composite number?
False
Is 117116347 a composite number?
False
Is 76733471 prime?
True
Is 659419 composite?
False
Is 7201423 prime?
True
Is 43999 a composite number?
True
Is 268925047 a prime number?
False
Is 189827881 prime?
False
Is 62333365 composite?
True
Is 26311201 composite?
True
Is 5939359 a composite number?
True
Is 110815139 composite?
False
Is 83404483 prime?
True
Is 1075483 prime?
False
Is 17952557 a prime number?
False
Is 30270943 composite?
True
Is 2224141 a prime number?
True
Is 13089647 prime?
True
Is 2074429 a composite number?
True
Is 55799671 prime?
True
Is 8008657 composite?
True
Is 4769957 a prime number?
True
Is 12569021 a composite number?
False
Is 1564835 a prime number?
False
Is 251663 composite?
False
Is 34742353 prime?
False
Is 5807721 composite?
True
Is 1548347 a prime number?
True
Is 12301057 composite?
True
Is 99890941 prime?
False
Is 483305 a composite number?
True
Is 24208003 a prime number?
False
Is 94709 a composite number?
False
Is 14510029 prime?
False
Is 3860887 prime?
False
Is 145046281 a composite number?
False
Is 1156843 a prime number?
False
Is 4019929 composite?
True
Is 226467691 a prime number?
False
Is 6843007 a prime number?
True
Is 394440595 composite?
True
Is 52539499 a prime number?
True
Is 18987607 composite?
False
Is 1882487 composite?
True
Is 378086645 a prime number?
False
Is 92623241 a composite number?
False
Is 49171009 a prime number?
True
Is 2351273 a composite number?
True
Is 41162267 composite?
False
Is 50361169 a composite number?
False
Is 1046029 a prime number?
True
Is 60133343 a composite number?
False
Is 53085287 prime?
False
Is 16414037 a prime number?
True
Is 17665337 a prime number?
True
Is 4317107 a prime number?
True
Is 115760207 composite?
False
Is 87020699 prime?
True
Is 807929 composite?
True
Is 105374593 prime?
False
Is 37954453 a prime number?
True
Is 182893 a prime number?
True
Is 4550971 a prime number?
True
Is 229591 a prime number?
True
Is 91641397 a prime number?
True
Is 66566221 a composite number?
False
Is 7033843 a prime number?
False
Is 306853177 prime?
False
Is 4054697 a prime number?
False
Is 5255255 composite?
True
Is 1279229 composite?
True
Is 5824661 prime?
False
Is 2769871 a composite number?
True
Is 10883321 composite?
False
Is 108466979 prime?
True
Is 2078887 prime?
True
Is 17658149 prime?
False
Is 10675403 composite?
True
Is 77978897 prime?
True
Is 5132821 prime?
True
Is 720337 a composite number?
True
Is 818049 a prime number?
False
Is 472420691 a composite number?
False
Is 8428967 composite?
False
Is 54365141 composite?
True
Is 5164657 a prime number?
True
Is 219219523 prime?
True
Is 233558679 a composite number?
True
Is 401309 composite?
False
Is 123028261 prime?
True
Is 16995817 prime?
True
Is 1629613 a composite number?
True
Is 413779 prime?
True
Is 64114177 composite?
False
Is 2548019 composite?
False
Is 197557 prime?
False
Is 1058173 prime?
False
Is 16983953 a composite number?
True
Is 9824459 composite?
False
Is 12066071 a prime number?
True
Is 87833189 a prime number?
False
Is 74553293 a composite number?
True
Is 9548309 a composite number?
False
Is 5600401 a composite number?
True
Is 50209807 prime?
True
Is 334932119 prime?
False
Is 157243 a prime number?
True
Is 26367173 a prime number?
False
Is 26548994 composite?
True
Is 25729397 composite?
False
Is 6192563 composite?
True
Is 775092991 composite?
False
Is 29432509 a composite number?
True
Is 1844449 composite?
True
Is 2485621 a prime number?
False
Is 2907137 a prime number?
True
Is 61457309 a prime number?
True
Is 6913061 composite?
True
Is 6276943 prime?
False
Is 4180769 a composite number?
False
Is 6348599 a composite number?
True
Is 4699549 a composite number?
False
Is 2382539 prime?
True
Is 279256295 a prime number?
False
Is 404191993 a prime number?
True
Is 67033 prime?
True
Is 150614381 a prime number?
False
Is 48543263 a prime number?
False
Is 674418913 a composite number?
True
Is 2798351 a prime number?
True
Is 71429003 composite?
False
Is 9005497 a prime number?
True
Is 39129203 a composite number?
False
Is 10324511 a composite number?
True
Is 3947717 prime?
False
Is 13621423 prime?
False
Is 106081259 a prime number?
False
Is 6770807 a prime number?
True
Is 1297033 a composite number?
True
Is 150907 composite?
False
Is 1035733067 a composite number?
False
Is 1362701 a composite number?
False
Is 1039916935 prime?
False
Is 146305531 composite?
False
Is 1290210347 a composite number?
False
Is 5777689 a prime number?
False
Is 14306491 prime?
True
Is 170094011 composite?
True
Is 8306677 a prime number?
True
Is 5761837 composite?
False
Is 13177027 prime?
True
Is 11803549 prime?
True
Is 34024303 a composite number?
False
Is 5792639 a prime number?
True
Is 8354279 composite?
False
Is 152352619 a prime number?
False
Is 329512019 prime?
False
Is 23353271 composite?
False
Is 20108861 composite?
True
Is 1812259 a prime number?
False
Is 34196971 prime?
True
Is 13734769 composite?
True
Is 2150509 a composite number?
False
Is 29025671 a prime number?
True
Is 1269755 composite?
True
Is 181893793 prime?
True
Is 1321178 prime?
False
Is 28510487 composite?
False
Is 180848974 composite?
True
Is 577344271 composite?
True
Is 297586659 a prime number?
False
Is 2047651 a prime number?
True
Is 11064847 composite?
True
Is 16311509 prime?
True
Is 17603233 a prime number?
False
Is 8956903 composite?
False
Is 4677051 composite?
True
Is 25512077 composite?
False
Is 2720807 prime?
True
Is 597869 composite?
False
Is 1729549 composite?
True
Is 6506039 a composite number?
False
Is 1916413 a composite number?
False
Is 202044523 a composite number?
False
Is 29670703 a prime number?
True
Is 117989279 a composite number?
True
Is 9710447 prime?
False
Is 1347559 a prime number?
False
Is 3023015 prime?
False
Is 81511 a prime number?
False
Is 13213111 a prime number?
False
Is 409393693 a prime number?
False
Is 148455583 a composite number?
False
Is 433961 composite?
True
Is 196714369 a prime number?
True
Is 3519938 composite?
True
Is 18895979 a composite number?
False
Is 37407389 a composite number?
False
Is 616619 a prime number?
False
Is 113891 composite?
False
Is 9754858 composite?
True
Is 1903199 prime?
True
Is 10526233 prime?
False
Is 13079831 a composite number?
True
Is 4621297 a prime number?
False
Is 17799305 composite?
True
Is 7948315 a prime number?
False
Is 151419927 prime?
False
Is 27376903 a prime number?
True
Is 1006391 prime?
True
Is 12149765 a composite number?
True
Is 90566447 composite?
False
Is 1115185 composite?
True
Is 20005129 a prime number?
True
Is 30773267 composite?
True
Is 944351 a composite number?
True
Is 340440539 a composite number?
True
Is 1215623 composite?
False
Is 1440500123 composite?
False
Is 73212449 prime?
False
Is 37683979 a composite number?
False
Is 3674171 prime?
False
Is 4423255 composite?
True
Is 11755349 prime?
True
Is 34530829 a composite number?
True
Is 204842559 prime?
False
Is 955181 a prime number?
False
Is 44171663 a prime number?
True
Is 12567877 a composite number?
True
Is 1287886801 prime?
True
Is 9130015 composite?
True
Is 104147 a prime number?
True
Is 32521661 a composite number?
False
Is 385999 a prime number?
False
Is 15189193 a composite number?
False
Is 10857631 a prime number?
True
Is 102191249 a prime number?
True
Is 20230949 prime?
True
Is 3623702 a composite number?
True
Is 12267421 a prime number?
False
Is 270349967 a composite number?
False
Is 4059463 prime?
False
Is 299175113 a prime number?
True
Is 564929853 a composite number?
True
Is 244816773 prime?
False
Is 1970767 prime?
False
Is 247266269 a prime number?
True
Is 211129 a composite number?
False
Is 12911047 composite?
False
Is 113174935 prime?
False
Is 53474801 composite?
False
Is 287680489 prime?
False
Is 5120041 composite?
True
Is 127381973 composite?
True
Is 490127149 prime?
True
Is 1041041 a composite number?
False
Is 408841 prime?
True
Is 1761289 a prime number?
True
Is 1740093 composite?
True
Is 28318713 composite?
True
Is 824563 prime?
True
Is 464